alue of (27 - (-16 - -34)) + -5 + 2 + -5?
1
What is the value of -21 + -13 + (-9 - -13) + 1 + 6?
-23
What is the value of -35 - ((161 - 176) + 56 + -1)?
-75
-33 + 2 + (-21 - (36 + -25))
-63
Calculate -18 + (39 - -39) + -44.
16
What is the value of -3 + 9 - (1 + -47 + (-6 + 2 - -2))?
54
(12 + -9 - (-23 - -19)) + -45 + -1
-39
Calculate (4 + -1 + -7 - 2 - -2) + 1757 + -1778.
-25
-3 + -22 - (-7 - (0 - (9 + -5 + 6)))
-28
What is 10 + (92 + -86 - (-26 + -2) - 4)?
40
1 + (157 - 131) + (-3 - 0 - -11)
35
Calculate -6 - (6 + 1 + -4) - (114 - 134).
11
What is (32 - (13 + -9)) + 76?
104
What is (1 - 50) + (8 + -30 - -18)?
-53
What is 1 - 12 - (-152 - (-57 + 0)) - 10?
74
What is (-174 - -164) + -2 + (-66 - -4) - 4?
-78
What is (-3 - 7) + -67 + 106 + -32?
-3
What is -53 - -31 - 10 - -2?
-30
What is (-1 - -2) + (-23481 - -23507)?
27
-65 - (-63 + -7) - 86
-81
7 + -1 + -3 - (48 + -34 + -40)
29
Evaluate 24 - (-578 + 583 - (1 - 40)).
-20
What is (9 + -4 + 9 + 1 - (174 + -195)) + 8?
44
What is (-21 + 25 - 8) + -11 + 11?
-4
Calculate -3 - (14 + (66 + -75 - (18 + -1))).
9
Calculate 32 + -48 + (19 - 3 - 11).
-11
What is (15 - 2) + (105 + (31 - 37) - 30)?
82
Evaluate 13 - 0 - (99 + -99 + -15 + 1).
27
9 + (-96 + 88 + -9 - (-20 + 1))
11
What is (93 - -1 - (-12 - -3)) + 9 - (27 - 14)?
99
What is the value of 10 + (-234 - 25) + 119?
-130
What is (-282 - -284) + (-1 - -2 - (-10 + 7 - -8))?
-2
Evaluate 2887 - 2770 - (20 + (4 - -2)).
91
-54 + (-42 - 68 - -262)
98
What is the value of 142 + 65 + -122 + 20 + -3 + -1?
101
Calculate -27 + (13 - (-9 + (-6 - -4))) - (-2 - -45).
-46
What is (40 + -8 - 13) + -26 - 36?
-43
Calculate 107 - ((-98 - -71) + 44).
90
What is the value of -2 + 23 + (22 - (82 - -23) - 10)?
-72
(0 - -29) + (18387 - 18317)
99
What is -932 + 954 - (-15 + 0)?
37
1 - ((-2 - -11) + -18 - -11) - 81
-82
What is (100 + -106 - (-10 + 17 + -3 + 0)) + 28?
18
-33 - (30 + -69) - -8 - (81 + 0)
-67
What is the value of (-6 - -1 - (-4 - 6 - -8)) + 6 - -48?
51
What is -95 + 57 - (5 + -10)?
-33
Calculate (151 - 149) + 15 + 0 - 31 - 54.
-68
Evaluate -107 + 47 + 21 + (-3 - 9).
-51
Evaluate -1 + (-119 + (-24 - -47) - 8) + (-10 - -1).
-114
Calculate 53 + -60 - (4 + -25 - (0 - -6 - 0)).
20
Calculate (23 - (-96 - -20)) + -68.
31
Calculate (-722 - -743) + 4 + -75.
-50
Calculate 50 - (30 + -64 + 26).
58
Calculate (-31 - -19) + (21 - -9) + (0 - 2 - 0).
16
What is (8 - -4) + -11 - (31 - (-11 - 1))?
-42
(-4 - (-22 + -2 + 8)) + (-40 - -13) + 62
47
What is -371 + 250 + 63 + 2?
-56
What is 178 + -179 + 23 + -3 + -20?
-1
What is -71 + (-13 - -36) + -3 + (-2 - 9)?
-62
Calculate -1 + 20 - (-6775 + 6749).
45
Calculate 3 - ((-2 - 1 - (-12 + 4) - -6) + -6).
-2
(0 - 1) + 84 + (178 + -87 - 102)
72
Calculate 64 - (112 + (-138 - -54)).
36
Calculate (8 - ((-13 - -3) + (-66 - -52))) + -9.
23
Calculate (1 - (-16 - (-27 - -3 - -6))) + -71.
-72
-21 + -1 - (69 + -53 + -76)
38
What is the value of 17 + ((-63 - -66) + -24 - (-12 + -1))?
9
What is the value of -8 + (-24 + 0 - (17 + (-11 - 11)))?
-27
What is the value of (6222 - 6290) + 74 + -1?
5
Evaluate (-12 - (22 + -18)) + 2 + 14 + 0.
0
What is ((4 - (-3 - (4 + -13))) + -2 - 8) + -9?
-21
Evaluate 87 - (-42 + 40 + -2 + 3 + (-2 - -1)).
89
Calculate (-2 - (-20 - (5 - 15) - -17)) + 0 + 21.
12
What is -12 + 22 + -6 + 26?
30
What is the value of 23 - 46 - 49 - -37?
-35
Calculate 59 + -144 + 63 - -22.
0
Evaluate -110 + 101 + -9 + (-74 - -2).
-90
Evaluate (-8 - 5 - (-13 + -2) - 17) + -5.
-20
What is -193 + 223 - (0 - -8)?
22
Calculate 44 + 2 + 1 + -3 - (42 - (134 + -92)).
44
Evaluate (-5 - (-61 + 5)) + 4 + -175 + 185.
65
What is the value of -93 + (97 - -119) - 39?
84
What is 996 + -983 - (-16 + 15 + (1 - 2) + -41)?
56
What is the value of -30 - 0 - (1419 + -1489)?
40
Evaluate 11 + -7 + -63 + -14 + (-4 - -7 - -2).
-68
Calculate (-76 - ((6 - -10) + -33)) + 16.
-43
What is the value of (45 - (-12 + -14)) + -34?
37
Calculate (16 + -1 + 1 - (135 + -116)) + 73 + -15.
55
(155 - (163 - 76)) + -32
36
Evaluate 2430 + -2495 + -1 + 73.
7
-8 - (4 + (-19 - 3 - -57))
-47
8 - (-13 + 32 + -68 + 39)
18
Evaluate 2 + -11 + 15 + -41 + 24 - 46.
-57
2 - -1 - (-28 - (14 - 28)) - 7 - 68
-58
Calculate -2 - 6 - (16 + -8 - (15 + -18 + 54)).
35
58 + -55 + 51 - (7 - 1)
48
What is the value of -7 + (131 - 60) - 59?
5
What is (-168 - (0 + 2)) + (289 + -15 - 251)?
-147
What is (-426 - -443) + -4 + 86?
99
What is the value of 4 + (-12 - (11 + -8)) + 16 - (1 + 9)?
-5
Evaluate 4 + 0 + (175 - (50 + 151)).
-22
What is (-19 - -18) + 27 + (-63 - 0)?
-37
What is the value of (-2 - (-1 - -2)) + (1888 - 1873)?
12
What is the value of (-81 - (0 + -4)) + -25 + (24 + -18 - -15)?
-81
Evaluate -54 + 11 + (8 - 3) + -61 + 55.
-44
Evaluate (25 - (27 - (17 - 8))) + -9.
-2
Calculate (-2616 - -2538) + (4 - ((-2 - -5) + 0)) + -2.
-79
Evaluate (-3 - 9) + (-35 - (-15 - 2) - 17).
-47
Evaluate -27 - (15 - 44) - (-38 - (1 - 4)).
37
What is 52 - ((6 - -5 - 3 - 10) + 6)?
48
Calculate 75 + -29 + -53 + 25.
18
32 + 1193 + -1177 + -2 + 2 + -20
28
-51 - (-35 + (-10 + 17 - -10) + 19)
-52
Evaluate (-2 - (39 - 16)) + (-46 - -55).
-16
-32 + 53 + -49 - (6 - -10)
-44
Calculate 106 - 35 - (-1 + 1 + 1 + (-2 - -6)).
66
What is the value of (22 - 8) + -26 + -2 + 42 + 7 + -12?
23
Calculate (104 + 38 - 102) + -179.
-139
Calculate -3 + -11 - (-9 + -9 + (1 + 2 - -5)).
-4
Evaluate -17 + -1 + -6 + -1351 + 1463.
88
What is the value of 123 - 59 - (-28 + 118)?
-26
What is the value of -35 + 6 - (3 + -12 + 0 + -1)?
-19
(918 - 971) + (-2 - -29)
-26
Calculate 5 - -27 - (19 - (19 - 91)).
-59
Calculate -94 + 77 - (-220 - -129).
74
Calculate -3 + -9 - (-23 - (3 - (4 - -4))).
6
Evaluate 1 + -22 - (-65 + -10 - -63 - 118).
109
What is -155 + 86 - (-16 + (-15 - 0))?
-38
What is the value of (-2 - (-8 + 4)) + (36 - 3)?
35
What is -29 + 6 + 31 + (6 + -2 - -42 - 5)?
49
Calculate -28 - (30 + (-61 - -14)).
-11
What is -1 - -22 - ((-68 - -173) + -147)?
63
What is the value of -12 + 0 + 12 - (-59 + (4 - 17))?
72
0 - -9 - (-11 + 12 + -21 + 9 + 61)
-41
Calculate (-7 - 1) + 66 + 17 + (-20 - 5 - -16).
66
What is (-9 - (-27 - -43)) + 19?
-6
(1 - 5) + (8 - 8) - (-23 + -3)
22
(76 + 7 - -7) + -497 + 471
64
What is the value of -11 + 0 + 3 - -3 - (38 + 6)?
-49
What is the value of (-8 - (-2 + 1)) + (-1644 - -1612)?
-39
Evaluate 8 - 39 - (-93 - -20).
42
What is the value of -52 + -60 + 96 - 1?
-17
Evaluate 40 - ((-38 - -57) + 59).
-38
7 - -57 - (-75 + 119 + -65)
85
(7 - 12 - -3) + 117 + -106 + -1 + -19
-11
What is -36 - (50 - 52 - -20)?
-54
Calculate (-21 - (120 + -39)) + 1.
-101
(-92 - -87 - (28 - 2)) + -27
-58
-64 + (159 - 64) - (11 + 2)
18
0 - 116 - (6286 + -6275)
-127
What is -4 + (8 + 3 + -14 - -13) - 50?
-44
What is the value of (2 - 59 - (25 - (19 + 14))) + -3?
-52
-59 - 2 - -8 - (1 + -4 - -13 - 19)
-44
Calculate (-150 + 59 - 1 - -9) + (1 - -12 - 1).
-71
What is the value of -32 - ((-3 - 2) + 3) - (-303 + 299)?
-26
What is the value of -33 + -1 - (90 + -51 + -34)?
-39
Calculate (-55 - (29 + -62)) + -29.
-51
Evaluate -10 - ((9 - -18) + -16 + 14).
-35
-4 - (0 - -4 - (12 + -23 + 11)) - 27
-35
Calculate -21 - (-6 - (21 - (7 - 9))).
8
-91 - (12 + 7 + (-2 - -2) + -11 + -1)
-98
Calculate -1320 + 1228 - (-125 - 5).
38
What is the value of 84 - (42 + 50) - 66?
-74
What is the value of -1 + 14 + (-575 - -547)?
-15
What is (153 - 120) + (2 - (1 - 5)) + -16?
23
Evaluate (-19 - (8 + 4 + (-16 - 11))) + 17.
13
Calculate 0 - ((-15 - -17 - -1) + -1 + -18).
16
What is the value of (31 + -15 - -15) + (-40 - -43 - (-9 - 0))?
43
Evaluate (14 + 2 - (-2 - 1)) + -8.
11
Evaluate (-48 - (-43 + 39)) + 70.
26
What is the value of 3 - (-14 + (4 - -22) + 20)?
-29
Calculate -39 + 42 - (-40 + -5 + 7).
41
What is -60 - (1 + -6 + -30 + 35 + -2)?
-58
Calculate 0 + 3 + (0 - 28) - (-2348 - -2352).
-29
Calculate -12 - 0 - (8 - 10) - (1516 + -1571).
45
Calculate 11 + (-13 - -10) - (-35 - (-22 + 12)).
33
Calculate (-79 - -32) + -4 + -1 + (35 - 16).
-33
What is -88 - -89 - (-103 - -14 - 24)?
114
(-81 + (-11 - -21) - -9) + -35
-97
What is -87 + -30 + (-8 - -36) - -9?
-80
What is 1 + 4 - (-7 - (-2 + 10 + -37) - -19)?
-36
-61 + 62 - (2 - -8)
-9
What is the value of 20 - (42 + (-38 - -1))?
15
Evaluate -1028 + 1006 - (0 + -39).
17
2 + 10 + 1 + -2129 + 2105
-11
What is 0 - (1 + 4 + (33 - (63 - 71)))?
-46
W